 - (8 - 8)).
16
What is 0 + -14 + -2 - (-5 - 1)?
-10
Evaluate (8 + -4 - 7) + 3 - 2.
-2
What is -121 + 105 + (27 - 2)?
9
-22 + (6 - -27) + 18
29
(-65 + 25 - -25) + 2
-13
What is -22 + -3 + 27 + (2 - 1) - 7?
-4
What is 5 + (-9 - 6) + 6?
-4
What is the value of 1 + -13 - (159 + -170) - (-5 + -3)?
7
What is -1 + 2 + 7 + (-6 + 8 - 8)?
2
Calculate -3 - -25 - (4 + 3 + 2).
13
-3 - (-2 + -4 + -2 + 7 + 0)
-2
What is the value of -4 + 0 + 3 + (-5 - -1) + 2?
-3
9 - (26 + -7 - 29 - -13)
6
Evaluate -3 + -25 + 23 + 6.
1
What is (4 - (5 - 4)) + (-2 - 5 - -8)?
4
What is the value of -66 - (-118 + 60) - (-30 + -1 + 1)?
22
-7 + 1 - (-10 + 9) - 5
-10
What is the value of (3 - -67 - 31) + -25?
14
Evaluate (1 - 8) + 31 + -11 + -12.
1
-22 + (-9 - -26) + (-21 - -9)
-17
Evaluate -9 + (7 - (24 + -54)).
28
128 + -169 + 16 + 1 + -1
-25
Calculate 2 + 0 - 2 - 2 - (59 + -53).
-8
Calculate -42 + 71 + (-13 - 3).
13
-4 - -22 - (-172 + 198)
-8
What is (-220 - -237) + 1 + -20 + -2?
-4
What is the value of -18 - (7 - (5 - 7))?
-27
What is -11 + -2 + (-29 + 30 - (-4 + 1))?
-9
Evaluate -20 + (-3 - 2) - (-2 + -8).
-15
What is 4 + -24 - (-24 + -19)?
23
(-14 - 1 - -2) + (15 - (13 + 6))
-17
Calculate (-28 - -4) + (-8 - (-13 + -4)).
-15
What is 4 - (163 + -173 + 1 + 18)?
-5
-2 - (0 + 10 + (-18 - -10)) - -8
4
Calculate (31 - 0) + (191 - 208).
14
Evaluate (14 - 21) + 13 + 12.
18
Evaluate -11 + 14 + -10 + 4.
-3
What is the value of 27 + -13 + (-12 - 2)?
0
Evaluate (14 - 16) + 0 - 3.
-5
Evaluate -1 + (1 - 4) + (-8 - -3).
-9
Evaluate (1 - 2 - (-9 - -7)) + -1 + 15.
15
What is the value of 10 + -30 - (-31 - -18)?
-7
What is the value of -4 + 5 + (-9 - -19)?
11
Calculate 4 + -1 + 1 - (-140 + 142) - 9.
-7
What is the value of 11 + 7 + -12 + -5 - 27?
-26
What is 12 + -2 + (3 + -4 - -7) + -3?
13
What is (-24 - 1) + 20 - -22?
17
What is -5 - (5 - (5 - 6)) - 5?
-16
What is the value of 75 + -22 + 1 + -34?
20
1 + -13 - (-22 + (-18 - -39))
-11
Calculate 5 - 11 - (-10 - (6 + -36)) - 3.
-29
What is -2 - (-2 + -8) - (392 - 398)?
14
-1 + (-2 + 2 + -37 - (-17 + 10))
-31
Evaluate -35 + (3 - 36 - -57).
-11
What is the value of (-4 - (-3 - 4)) + 1 + -3 + 10?
11
-17 + 2 - (-20 + 4)
1
What is the value of 5 + 3 + -3 + -14 + (-1 - 4)?
-14
What is (5 + -9 - 3) + 4 + -7 + -2?
-12
What is the value of (-10 + -4 - -9) + 26?
21
18 + (-2 + -3 - 5 - -1)
9
What is 8 + -2 + 1 + (24 - (8 - -20))?
3
Evaluate (-2 - -5) + (-18 - 3 - -44).
26
Evaluate -14 + 2 + -28 + 34 + (14 - 1).
7
Evaluate -5 - -11 - (4 + -1 + (12 - 18)).
9
What is 11 + (-4 - (-5 + -15 - (-6 + -1)))?
20
(22 + -8 - 9) + (1 - 23 - -4)
-13
What is -21 + (0 - (-6 - 35))?
20
What is -7 - 1 - ((37 - 46) + (12 - 0))?
-11
What is the value of 125 - 153 - (-5 - 39)?
16
Evaluate 2 - (-2 - (8 + -4 - (2 - 2))).
8
Evaluate 4 - (13 + -22 - (2 + 6 + -11)).
10
What is 7 + (-9 - (-13 - -23))?
-12
Evaluate -31 - (-26 - 15 - -32).
-22
What is -19 + (-11 - -5 - -17) - 25?
-33
Calculate (-569 - -546) + (-1 - (-1 + 2)).
-25
(4 - (5 + -5 + 6)) + (-80 - -57)
-25
What is 11 + -23 - (1 - 8)?
-5
-8 - (15 - 48 - (-5 - 0))
20
Calculate 25 + -13 - (-2 - -14).
0
7 - 25 - -6 - (-1 - -6) - -5
-12
What is (-13 - -1) + (-16 - -17)?
-11
Calculate 2 - (1 + -1) - (1962 - 1954).
-6
(-16 - (9 - 16)) + 0 + 0
-9
What is 5 + (-3 + 2 + 8 - 11) + -16?
-15
Calculate -2 + (-8 - 2 - -7 - (-6 + 1)).
0
What is the value of 15 + 12 + (-25 - -11)?
13
What is (10 - (-7 + 20)) + (-8 - (1 + -18))?
6
(-10 - -6) + 3 + -3 + (-4 - -13)
5
What is the value of 46 - 52 - (-17 + 1 + 1) - 15?
-6
What is (-10 - (-8 + -31 + -15)) + -14?
30
-99 - -95 - (-2 - (-15 - -2))
-15
What is (9 - (-7 + (0 - (1 - 13)))) + 1?
5
-8 - -8 - -17 - (3 + -1 + 3)
12
What is the value of (-4 + -5 - -19 - 7) + -4?
-1
Calculate -57 - (-47 + -8) - (-5 - (-1 - -1)).
3
What is the value of 11 - (24 - (-5 + 12 + 4))?
-2
43 + 19 + -51 - (17 - -1)
-7
Evaluate (-4 - -2 - 2) + (-27 - -5) + 21.
-5
What is 229 + -218 - (2 + -7 + 0)?
16
What is -558 + 609 - (-1 - -23)?
29
Evaluate 16 - (0 + 23) - -19.
12
Evaluate -27 - ((-15 - -8) + -4 + 6 + -1).
-21
What is the value of 4 - (3 + 1 - (5 - -6 - 3))?
8
What is 20 - (3 + -1 + (-10 - -29) - 12)?
11
What is -1 + -19 - (88 - 126)?
18
7 + 2 - (11 + -12) - (21 - 22)
11
What is the value of -1 + -5 - -1 - -10?
5
What is 8 - (12 - (-8 - -8 - -7))?
3
What is 0 + 3 - ((-30 - -3) + 12)?
18
What is the value of 2 - (-8 + 3) - (-1 + -8 + 1)?
15
What is 10 + (-3 + -37 - -11)?
-19
What is the value of -25 + 5 + 1 - -10?
-9
22 + -30 - (-18 - (-2 - -5))
13
What is (-13 - -5) + -6 + 16 + -5?
-3
Calculate 31 - (17 - (-20 - -19)).
13
Calculate (-10 - -24 - ((1 - -4) + -2)) + 1.
12
6 + 5 + -1 + -7
3
What is the value of (8 - -4) + -10 + -9?
-7
What is (4 - -4) + 12 - (6 + -17) - 10?
21
Evaluate -11 + -23 + 10 - -4.
-20
Evaluate 16 + -2 - (-23 + 3 - -48).
-14
What is the value of -19 - (44 + -54 + 7 + -13)?
-3
What is the value of 7 + (-57 + 29 - -23)?
2
-4 - (-5 - -1) - (-14 + (1 - -12))
1
What is the value of (4 - (-9 - -5)) + (-12 - -2) + -2?
-4
Calculate (8 + -7 - 19) + -4 + 10.
-12
What is 14 - (-1 + (-3 - (3 - 3)) - -9)?
9
What is the value of 20 - 10 - (10 + -8)?
8
Calculate 1 - -25 - (8 - (-29 + 48)).
37
Evaluate -439 + 446 + -1 + 14.
20
Evaluate (-4 - (-17 - -4)) + -10 - -7.
6
What is the value of -111 + 143 - (0 + 22)?
10
20 - (21 - 8 - 7)
14
Evaluate (6 - 1) + (-13 - (-14 + -8)) + -2.
12
Evaluate 6 + (-7 - 15) + 5 - -5.
-6
3 - ((7 - 14) + (22 - 0))
-12
Evaluate (2 - -9) + -1 - -8.
18
Evaluate 24 - (-13 + 8 + 16).
13
-7 + 1 - (2 - 10 - 8)
10
What is the value of -1 + 2 - (2 - (-2 + 1))?
-2
Evaluate 7 + 1 - (1 - (20 - 19)).
8
Evaluate -40 + (-21 - -59) - (-1 - -25).
-26
-9 - (-3 + (9 - (-2 - -9)))
-8
What is -3 + (4 - 10) + (22 - 20) + 4?
-3
24 - ((-9 - (-10 - 8)) + -5)
20
Calculate -5 - 2 - (1 + 0 + (26 - 22)).
-12
What is (-4 - (-9 + 10)) + 15 - 7 - 29?
-26
What is (14 - -11) + -53 + 50?
22
Evaluate 11 - (8 + 44 - 21).
-20
Evaluate 11 - (85 + -74 + (-8 - -1)).
7
Calculate (-63 + 57 - (3 + -18 + 0)) + -14.
-5
What is the value of -1124 + 1164 + (-2 - 72)?
-34
What is (6 - 7) + (-31 - -17)?
-15
10 - 5 - (13 + -1) - -27
20
What is 348 + -338 + (-22 - (-1 + 2))?
-13
What is the value of 13 - (11 - -13) - (0 - 15)?
4
-3 + 8 + 10 + (-6 - -2)
11
What is the value of -5 - (20 + -23 - -8 - (6 - -1))?
-3
(8 - 3 - (-52 + 59)) + 5
3
What is (-8 - -9) + 28 - 15?
14
10 - (-9 - 3 - -19)
3
19 + (-7 - 0) + (24 - 24)
12
Evaluate 10 - (-3 + 5) - ((31 - 14) + -4).
-5
Calculate 6 + -13 + 7 - -6 - (4 - 2).
4
Evaluate (13 + -13 - -10) + 4 + 1 + -12.
3
What is the value of -18 - -1 - (978 + -1002)?
7
Calculate (-40 - -22) + (-2 - -12).
-8
What is -9 - (6 + -13 + -2) - (0 + -9)?
9
Evaluate (-5 - 1) + -13 + 7 - (10 + -2).
-20
Evaluate (32 - (25 + 18)) + 24.
13
What is (7 - (10 + -2)) + (-5 - -7) + 3?
4
What is the value of 1 + -10 - (0 + -21)?
12
(20 - 11) + 3 + -7 + (2 - -5)
12
Evaluate 108 + -101 + 6 + -2.
11
What is the value of -18 + -48 + 34 + (12 - 0)?
-20
What is (6 + 1 + -2 - -14) + -7?
12
What is -9 - 3 - (3 + 15 + -21)?
-9
Evaluate -8 - (8 - (-3 + -2 - (-58 - -52))).
-15
Calculate 1 + 35 + 62 + -83.
15
Calculate (-14 - -8) + 9 + (-2 - 14 - -2).
-11
What is -32 - (0 + (-7 + 7 - (3 + 6)))?
-23
Evaluate -8 + (1 + 2 - (-6 - 2)).
3
What is 7 - ((36 - 18) + -13 - (-4 - 1))?
-3
Evaluate (-39 - (14 + -39)) + 31 + -1.
16
29 + -51 + (21 - 3)
-4
Evaluate 3 + -10 - -8 - (-3 + (-3 - -6)).
1
What is the value of -6 + (1 - ((-1 - -2) + -8)) + 2?
4
What is the value of 17 + -3 + (-78 - -94)?
30
What is the value of (20 - 16) + 3 + -14 + 4 + -9?
-12
What is the value of 2 + 0 + -26 + 17 + 6 + -25?
-26
Calculate 12 + (-15 - -8) + 9 + -42.
-28
What is 50 - (21 + 17) - -15?
27
What is the value of (-1 - (23 + -49)) + 3?
28
6 + -1 + 0 - (-13 + (3 - -14))
1
What is the value of -1 + 4 - 11 - (442 - 431)?
-19
What is the value of 1 + 0 + (-16 - -3) + -4 + 10?
-6
What is -16 + (-23 - (9 + -31))?
-17
-26 + (-5 + -1 + -25 + 31 - -3)
-23
What is the value of 4 + 12 + 25 + -3 + -14?
24
13 - ((0 - 0) + -139 + 155)
-3
-1 + -1 - (-15 - (13 - 34))
-8
What is the value of -29 + (-26 - -52) + 19?
16
What is the value of 7 + (-1 - -4) + -11 + -4 + 18?
13
Calculate -12 + (5 + -9 - (6 + -18)).
-4
13 + 2 - (-9 - (7 + -26)) - 27
-22
(9 - (0 - 2)) + 43 + -27 + -16
11